the highest common divisor of 2172914 and 31?
31
What is the greatest common factor of 129042 and 9475920?
1926
Calculate the highest common factor of 3334354 and 5262.
1754
Calculate the highest common factor of 94841259 and 115.
23
Calculate the highest common factor of 6078 and 95988.
6
What is the greatest common factor of 489554 and 41534?
38
What is the highest common factor of 17200 and 2461750?
2150
Calculate the highest common factor of 6505873 and 143.
11
Calculate the greatest common factor of 17399409 and 27.
3
Calculate the highest common factor of 12 and 657019992.
12
What is the highest common factor of 2733864 and 18?
6
What is the greatest common divisor of 85904535 and 981?
327
What is the highest common factor of 225100 and 15850?
50
What is the greatest common divisor of 58621178 and 462?
154
What is the highest common factor of 3404770 and 760?
10
What is the greatest common divisor of 2585528 and 110?
22
What is the greatest common factor of 2457091 and 35242?
67
Calculate the greatest common factor of 4897380 and 2250.
30
Calculate the highest common divisor of 106674 and 12696.
138
Calculate the highest common factor of 210 and 9523248.
42
Calculate the greatest common factor of 2158 and 41396914.
2158
What is the greatest common divisor of 33040 and 1145308?
236
What is the greatest common divisor of 1723295 and 3822835?
4645
Calculate the greatest common factor of 3029724 and 396.
36
What is the highest common factor of 1767 and 9734682?
93
Calculate the highest common factor of 1572907 and 34817.
37
What is the highest common divisor of 3930339140 and 68?
68
What is the greatest common factor of 143581616 and 47?
47
What is the greatest common divisor of 1302 and 32740650?
186
Calculate the greatest common divisor of 349800054 and 138.
138
Calculate the greatest common divisor of 36 and 6337707.
3
Calculate the greatest common factor of 90906486 and 12.
6
Calculate the highest common factor of 24640 and 99961400.
3080
What is the highest common factor of 666026 and 7258?
38
Calculate the highest common factor of 66467472 and 3040.
304
What is the greatest common factor of 25272476 and 344?
172
What is the greatest common divisor of 314875 and 48785?
55
What is the greatest common divisor of 877 and 273765197?
877
What is the greatest common factor of 196 and 7131446?
14
What is the greatest common factor of 80320 and 13810?
10
Calculate the greatest common factor of 104811 and 4508.
1127
Calculate the highest common factor of 1690 and 1709942.
338
Calculate the greatest common factor of 48430962 and 357106.
12314
What is the greatest common factor of 379404 and 3674598?
7026
What is the highest common factor of 561634515 and 195?
195
Calculate the greatest common factor of 5259627 and 35856.
2241
What is the greatest common factor of 126814 and 18745?
163
What is the greatest common divisor of 7948083 and 223197?
3783
Calculate the greatest common divisor of 532 and 3699908.
76
What is the highest common factor of 4448 and 24896?
32
Calculate the greatest common divisor of 3185 and 1355550.
35
What is the highest common factor of 8924 and 8550572?
92
What is the greatest common divisor of 1979452 and 11092?
188
Calculate the highest common factor of 16993991 and 7.
7
What is the highest common divisor of 258110161 and 1481?
1481
What is the greatest common factor of 407088 and 42768?
1584
Calculate the highest common divisor of 385022 and 4718906.
3182
What is the greatest common factor of 11208 and 1323945?
1401
Calculate the greatest common factor of 16 and 96849416.
8
Calculate the greatest common factor of 40 and 33740290.
10
What is the greatest common factor of 2455552 and 16786?
2398
What is the highest common factor of 1727 and 26162323?
1727
Calculate the greatest common factor of 118 and 4286173.
59
Calculate the greatest common divisor of 278613268 and 556.
556
What is the highest common factor of 97449 and 81609?
33
Calculate the greatest common factor of 101 and 32312627.
101
What is the greatest common divisor of 1524 and 575538?
6
What is the greatest common divisor of 7395570 and 4830?
210
Calculate the greatest common factor of 895288 and 69088.
136
Calculate the highest common factor of 1945 and 446779337.
389
Calculate the highest common divisor of 73505212 and 1683.
187
Calculate the highest common factor of 5754104 and 93439.
2173
Calculate the greatest common factor of 255863065 and 9964.
2491
Calculate the highest common factor of 225456 and 32592.
336
What is the highest common factor of 218863 and 15805?
29
What is the greatest common divisor of 1493417016 and 18?
18
What is the greatest common divisor of 26604 and 7596?
36
Calculate the highest common factor of 35225 and 375.
25
Calculate the greatest common factor of 2830 and 443060.
10
What is the greatest common factor of 79024 and 877795?
449
What is the greatest common factor of 1792 and 36985088?
1792
What is the highest common factor of 224218 and 1192516?
142
What is the greatest common factor of 75131409 and 161?
23
What is the highest common factor of 10528 and 88172987?
329
What is the highest common divisor of 32636734 and 78?
26
Calculate the highest common divisor of 33345 and 532095.
285
What is the greatest common divisor of 31208279 and 43586?
703
Calculate the highest common factor of 43110 and 78556.
958
Calculate the greatest common factor of 2000 and 10821360.
80
What is the greatest common factor of 20737 and 75259?
233
What is the greatest common divisor of 1112 and 8169308?
556
What is the greatest common factor of 117530490 and 462?
462
Calculate the greatest common factor of 110982 and 852258.
2094
What is the highest common factor of 195957 and 900?
9
What is the highest common factor of 16 and 203862352?
16
What is the greatest common factor of 65169 and 793?
13
What is the greatest common factor of 6958 and 98539?
49
Calculate the greatest common divisor of 84757419 and 1962.
981
What is the greatest common factor of 702 and 3741894?
234
Calculate the greatest common divisor of 1710 and 415266660.
1710
What is the highest common factor of 57584525 and 158240?
4945
Calculate the greatest common divisor of 1253 and 19811899.
179
Calculate the greatest common divisor of 93 and 14013364.
31
Calculate the highest common divisor of 7228 and 2580118.
278
Calculate the greatest common divisor of 25 and 728457475.
25
Calculate the greatest common factor of 3321 and 31741011.
1107
What is the highest common divisor of 662656 and 196559?
167
What is the greatest common factor of 3656 and 1314145544?
3656
Calculate the highest common divisor of 217897845 and 8129.
8129
Calculate the highest common factor of 62780892 and 8004.
276
What is the highest common divisor of 1282501 and 17732?
341
Calculate the highest common factor of 3108 and 168125706.
1554
Calculate the highest common factor of 209463 and 6.
3
Calculate the greatest common divisor of 1996 and 245159199.
499
What is the highest common divisor of 6417004 and 8184?
44
What is the greatest common divisor of 28191435 and 75?
15
Calculate the highest common divisor of 263238 and 803.
73
What is the highest common divisor of 57994 and 27472896?
542
What is the greatest common divisor of 177675 and 878899?
2369
What is the highest common divisor of 25594667 and 266?
7
Calculate the highest common divisor of 498 and 1971996.
6
What is the highest common divisor of 105856 and 28544?
128
What is the highest common factor of 10167180 and 16?
4
What is the greatest common factor of 10644 and 41400?
12
Calculate the greatest common divisor of 1157845 and 3008.
47
Calculate the highest common factor of 17808424 and 10392.
3464
Calculate the greatest common factor of 9552 and 472272.
48
What is the greatest common factor of 471 and 446694987?
471
What is the highest common factor of 7878 and 45968?
26
Calculate the highest common factor of 125554 and 69498.
286
What is the highest common factor of 51968572 and 228?
76
Calculate the highest common divisor of 8546608 and 137.
137
Calculate the highest common factor of 1953918 and 318.
6
Calculate the greatest common divisor of 22 and 134794.
22
Calculate the greatest common divisor of 902257 and 13092.
1091
What is the great